200120222120222
In base 10, what is -3009918 + 1?
-3009917
In base 8, what is -1144162676 + 4?
-1144162672
In base 12, what is a69 + 7615?
8482
In base 4, what is -2032223322 - -110?
-2032223212
In base 12, what is 2a4846a3b - 4?
2a4846a37
In base 13, what is -21 + -1232a53?
-1232a74
In base 3, what is 11202210200 - 2010?
11202201120
In base 9, what is -35207558 - -1?
-35207557
In base 14, what is 122da - -ad4?
12dd0
In base 4, what is -1 - -100020010020130?
100020010020123
In base 7, what is -603032 + -53?
-603115
In base 6, what is -1021401 + 10531?
-1010430
In base 6, what is 354420 + 25022?
423442
In base 5, what is 22 + -113402230?
-113402203
In base 13, what is 5b + -4072c7?
-407269
In base 11, what is -8503 - 938?
-9340
In base 16, what is -3 + -19379a4?
-19379a7
In base 13, what is 45c3ac - 4?
45c3a8
In base 7, what is -1 + -60020050?
-60020051
In base 12, what is -a67 - 1102?
-1b69
In base 8, what is -134 - -12207133?
12206777
In base 8, what is 1 + -756153367?
-756153366
In base 14, what is -2 - 3416360?
-3416362
In base 13, what is 0 - 623b84?
-623b84
In base 12, what is -76382 - 136?
-764b8
In base 5, what is -301100 + 30041?
-221004
In base 11, what is 202401 + -48a?
201a22
In base 13, what is -31c - 229323?
-229642
In base 8, what is 13413330 + 715?
13414245
In base 12, what is 2ba - -2388?
2686
In base 10, what is 3713770 + 1?
3713771
In base 15, what is -5 - -389480?
38947a
In base 12, what is -2a - 18a446?
-18a474
In base 13, what is b9 - 2107ba7?
-2107abb
In base 5, what is -3 - -103401010133?
103401010130
In base 7, what is -51 + -612546?
-612630
In base 5, what is 12141240 + -2211?
12134024
In base 13, what is 3b - -79bc?
7a2a
In base 13, what is 10780 - 1630?
c150
In base 6, what is 114 - -53314414?
53314532
In base 14, what is 374 - 716?
-382
In base 10, what is -348 - -60957?
60609
In base 13, what is -537b - b21?
-619c
In base 12, what is 1949591 - -52?
1949623
In base 13, what is -535861 - -3?
-53585b
In base 5, what is -101 + -403214332?
-403214433
In base 15, what is -2aa8c78 - 3?
-2aa8c7b
In base 15, what is 1b + 27cb9e?
27cbba
In base 9, what is -17334618 - 3?
-17334622
In base 7, what is 36 - -1646061?
1646130
In base 15, what is d04349 + -4?
d04345
In base 2, what is 11 + 10010001111100111010100?
10010001111100111010111
In base 5, what is -343030231430 + 10?
-343030231420
In base 8, what is 1114237 - -2533?
1116772
In base 2, what is -1000010010100001 + -10101111111100?
-1011000010011101
In base 12, what is 6a - -515020?
51508a
In base 9, what is -13415862 - 6?
-13415868
In base 6, what is -1355545 - 12111?
-1412100
In base 15, what is 1bd4ec9 - 8?
1bd4ec1
In base 10, what is 10 - -3715703?
3715713
In base 13, what is 637 - 11401?
-10a97
In base 8, what is 22016645 + -4?
22016641
In base 4, what is -32301132021 - 1?
-32301132022
In base 10, what is 1464 - -116106?
117570
In base 10, what is -471185 + -311?
-471496
In base 15, what is -42 + 135960?
13591d
In base 8, what is 71202 - 126?
71054
In base 3, what is 120211220101 - 100122?
120211112202
In base 8, what is -23365520 - 2?
-23365522
In base 16, what is -2349 + 400?
-1f49
In base 8, what is -631157 + 5553?
-623404
In base 10, what is -118800 - 107?
-118907
In base 15, what is -2 - 16eeac9?
-16eeacb
In base 13, what is -481 + 919c7?
91546
In base 11, what is -a5056033 + 3?
-a5056030
In base 2, what is 1 + 1011011001100101010001001011?
1011011001100101010001001100
In base 14, what is 5b + -2650a?
-2648d
In base 14, what is -bd + 401469?
40138a
In base 4, what is 1211 - 113230?
-112013
In base 6, what is 10 - 1303202345?
-1303202335
In base 3, what is -1011010012202211 - -12?
-1011010012202122
In base 12, what is -3a35 + -24a5b?
-28894
In base 11, what is -284609 + -5a?
-284668
In base 5, what is -32 + -2404042422?
-2404043004
In base 11, what is -13657045 - -4?
-13657041
In base 5, what is 1301 + 2223412?
2230213
In base 10, what is -5069 + 5040?
-29
In base 13, what is -7bcc - 142c?
-932b
In base 7, what is 3 - -3415633635?
3415633641
In base 15, what is 0 - -2b24e5?
2b24e5
In base 3, what is -1000102 - -220110022?
212102220
In base 8, what is 1757 + -337514?
-335535
In base 5, what is -3 - 3032134211?
-3032134214
In base 14, what is 1c5b98 - -10?
1c5ba8
In base 3, what is -100202000122 - -200?
-100201222222
In base 12, what is 7aba65 - 153?
7ab912
In base 12, what is 0 + -95539?
-95539
In base 10, what is 405943 - -22?
405965
In base 14, what is 3744 + 1a3?
3907
In base 5, what is -22 + 2040100313?
2040100241
In base 10, what is -1717 + -4887?
-6604
In base 9, what is 7 + 56873872?
56873880
In base 14, what is -220 - 868?
-a88
In base 10, what is -5 - 835801?
-835806
In base 4, what is 10120120 - -10130?
10130310
In base 14, what is 4 - -133146b?
1331471
In base 15, what is b983 - -57c?
c010
In base 9, what is -25 - 707546?
-707572
In base 5, what is -12002342223 - -1?
-12002342222
In base 16, what is -ba + 18ca9?
18bef
In base 10, what is -70 + 1067631?
1067561
In base 13, what is -532309 - 2?
-53230b
In base 2, what is -11101000001 - -1111111111111?
1100010111110
In base 16, what is -238 - 2bed?
-2e25
In base 10, what is 3 - -13233696?
13233699
In base 4, what is -101321 - 13320020?
-20022001
In base 6, what is 1 - -203253301?
203253302
In base 6, what is -1053315150 - 10?
-1053315200
In base 4, what is -132 + -300032210?
-300033002
In base 10, what is 6281 - -156?
6437
In base 7, what is 644 - -345343?
346320
In base 7, what is -6 + -504534223?
-504534232
In base 9, what is -21738217 - -5?
-21738212
In base 9, what is 2 - 137625151?
-137625148
In base 16, what is -d + -13d591?
-13d59e
In base 13, what is -196 + 23304?
2313b
In base 2, what is 110010011 + 1111101110101100101?
1111101111011111000
In base 4, what is -1313 + 100313231?
100311312
In base 9, what is -13 - 10126004?
-10126017
In base 5, what is 2103301244 - -12?
2103301311
In base 8, what is -5 - -36130566?
36130561
In base 6, what is -3 + -14214052?
-14214055
In base 8, what is -1217200 - 2?
-1217202
In base 8, what is 42653143 + -10?
42653133
In base 11, what is 4743 - 1125?
3619
In base 3, what is 120210101112122 - -1?
120210101112200
In base 6, what is 5444121 + -1123?
5442554
In base 14, what is 13d9aba5 + 5?
13d9abaa
In base 8, what is 174 - -243155?
243351
In base 15, what is 5c0 + -4c16c?
-4ba9c
In base 14, what is 19cdb1c - -4?
19cdb22
In base 2, what is -101110 + -100001111001001100010?
-100001111001010010000
In base 15, what is -b6c9792 + 2?
-b6c9790
In base 8, what is -26143600 - -246?
-26143332
In base 3, what is 10010 + 10112211212022?
10112211222102
In base 5, what is -113 - -20200100?
20144432
In base 14, what is -22b7 - 9d7c?
-c255
In base 16, what is -e - 178617?
-178625
In base 12, what is 1b9617 - -a4?
1b96bb
In base 8, what is 14 + -6622777?
-6622763
In base 11, what is 5 + 9a71a375?
9a71a37a
In base 10, what is 814789 + 359?
815148
In base 4, what is -11312331 + 1010333?
-10301332
In base 13, what is -2a35 - -7b?
-2987
In base 11, what is -3 + 720a125?
720a122
In base 4, what is -12011121 - 2331022?
-21002203
In base 7, what is -2056 - -5333143?
5331054
In base 11, what is 508 + -10a2626?
-10a2119
In base 11, what is 4 - 20a75a84?
-20a75a80
In base 4, what is 1333111301 - 121?
1333111120
In base 4, what is 12003 - 31003201?
-30331132
In base 4, what is -1130013 - -110133?
-1013220
In base 5, what is 2133 - -133241240?
133243423
In base 13, what is -b3a7 + c668?
1291
In base 16, what is 4 + c5c4cf1?
c5c4cf5
In base 11, what is 215498 + 6?
2154a3
In base 5, what is -11 - -434324412?
434324401
In base 5, what is -22410 - -33401?
10441
In base 7, what is 1162 - 11556?
-10364
In base 13, what is -1 - -1ca8053?
1ca8052
In base 9, what is -1 + 116387072?
116387071
In base 16, what is 22e36595 - -2?
22e36597
In base 6, what is 43410115 - -4?
43410123
In base 6, what is 11 + -2401442532?
-2401442521
In base 8, what is 3460 + 144364?
150044
In base 15, what is -10d76 - 2c0c?
-13a83
In base 11, what is 1316142 - 9?
1316134
In base 6, what is 30 + -32213?
-32143
In base 13, what is -6280c6 + -6?
-6280cc
In base 11, what is 1326688 - 5?
1326683
In base 10, what is 250 + 94679?
94929
In base 7, what is 1426303253 + 21?
1426303304
In base 6, what is 543421 + 11114?
554535
In base 7, 